(v/14) - -403?
8
Let q = -550 - -816. Suppose 4*o = 5938 - q. What is the thousands digit of o?
1
Let m = 10 - -186. What is the units digit of ((-18669)/m)/(6/(-8))?
7
Let a = 507 + -547. Let q(x) = -2*x**2 - 93*x - 2. What is the hundreds digit of q(a)?
5
Suppose z - 5*z = -96. Suppose 0 = 14*s - 11*s - z. Let k(t) = t**2 + 3*t + 20. What is the hundreds digit of k(s)?
1
Let q(s) = -2558*s - 82. What is the ten thousands digit of q(-5)?
1
Let p be -2*((-154)/4 + (-27)/9). Suppose -4*o + 51 = v, 5*o - 3*v + 5*v = 66. Let j = p + o. What is the units digit of j?
5
Suppose 13*f - 118 = 116. Suppose f*j - 9129 = 10095. What is the units digit of j?
8
Let a = 821 + -746. Suppose -3*c + 122 + 373 = 0. Let y = c - a. What is the units digit of y?
0
Let t be -6*((-6)/9 + -3). Suppose -18*a = -t*a + 848. Suppose 5*i - a = i. What is the tens digit of i?
5
Let j = -1 + -12. Let b be 68*(j/(-20) - 14/35). What is the tens digit of (290 + 2)*(-4)/(1 - b)?
7
Let s(x) = -2*x**3 + 269*x**2 - 73*x - 506. What is the units digit of s(134)?
8
Let p(f) = f**3 + f - 2. Let s be p(3). What is the units digit of 438 + (20/16 - 119/s)?
5
Let o(v) = -v**3 - 4*v**2 + 2*v - 15. Let f be o(-5). Suppose 0 = 3*q - f*q - 15. Suppose -15 = -q*l, b = 5*l + 53 + 23. What is the tens digit of b?
9
What is the units digit of (-110)/20*2 + 13082?
1
Let d(p) = 2*p**2 - 12*p - 30. Let j be d(8). Suppose -2*c + j*v = -c - 284, -5*c + 1413 = -3*v. What is the units digit of c?
2
Let s = 18497 - 11847. What is the thousands digit of s?
6
Let t(y) = y**3 - y**2 + 1. Let u(b) = -4*b**3 + 3*b**2 + 2*b + 1. Let i(o) = 2*t(o) + u(o). Let r be 1*20/(-5) - -2. What is the tens digit of i(r)?
1
Suppose -5*n - 25 = 35. Let r be n*2*2/8. What is the tens digit of -4*3/r + 23 + 3?
2
Suppose 112195 = 2*k - 5*b, -62*k + 63*k - 3*b = 56100. What is the units digit of k?
5
Let m be (3/(-2))/((-6)/(-324)). Suppose 3*w - q - 157 = 271, 3*q + 6 = 0. Let c = m + w. What is the tens digit of c?
6
What is the thousands digit of 38103 + (17 - 29) + -15?
8
Let o be 2*-1 - 5/((-10)/4254). Let h = -1449 + o. Suppose -h - 572 = -8*w. What is the units digit of w?
6
Suppose 0 = 139*n - 52*n + 19140. Suppose r = -2*d - d + 407, -3*r - 5*d + 1229 = 0. Let k = r + n. What is the units digit of k?
3
Suppose 5*q = 5*o + 4*q - 653, 3*q = 2*o - 269. Let m = -70 + 42. Let p = m + o. What is the tens digit of p?
0
Let l = 192 + -569. Let c = -149 - l. What is the hundreds digit of c?
2
Let x(v) = -6*v**2 - 52*v - 9. Let m be x(-9). Let g(t) = t**3 + 28*t**2 + 11*t - 67. What is the hundreds digit of g(m)?
3
Suppose -37*w - 2*t - 116 = -38*w, 2*w - t = 229. What is the tens digit of w?
1
Let s = -190 + 194. Suppose 2*k - 610 = 4*i, -329 = -0*k - k - s*i. What is the tens digit of k?
1
Let h be -1 + 2 + 2 + 23*2. Let t = h + 32. What is the hundreds digit of (30/(-6) + 1)*t/(-2)?
1
Let s be 60/(-27) - (-5)/((-90)/(-4)). Let n be -1 + ((-2)/(-1) - (-404 + s)). Let l = -270 + n. What is the hundreds digit of l?
1
Let i(m) = -34*m. Suppose -g + 3*g - 4*x = 56, 2*g = 5*x + 56. Let a = g - 31. What is the tens digit of i(a)?
0
Let i(d) = d**2 - 3*d + 4. Let b be i(2). Suppose -b*t - 49*t + 21573 = 0. What is the tens digit of t?
2
Suppose 614 = 3*o - 5*w, -o + w = o - 421. Let n = 100 + o. Let r = -210 + n. What is the hundreds digit of r?
1
Let s(h) = 17*h**2 + 44*h + 16. Let y be (-3)/((-102)/18 - -6). What is the tens digit of s(y)?
9
Let y = -175 - -191. Suppose -y = -4*s, -20*r + 17*r - 4*s = -1057. What is the hundreds digit of r?
3
Let q(i) be the third derivative of i**5/20 + 55*i**4/24 - 56*i**3/3 + 2*i**2 - 32. What is the hundreds digit of q(-25)?
3
Suppose -2*x + 3*y = -0*y - 1391, -2 = 2*y. What is the units digit of x?
4
Let a be -9*-2*(0 - 3). Let v = a - -58. Let m(o) = -o**3 + 3*o**2 + 13*o + 2. What is the units digit of m(v)?
8
Suppose 60*j - 42*j - 89010 = 0. What is the units digit of j?
5
Suppose -3*t + 19 = x, 8*x + t = 6*x + 13. Suppose 4*a + x*h - 2938 = -294, 0 = h + 4. What is the units digit of a?
5
Suppose 4*a = -4*r + 1156, 590 = 2*r - 2*a + a. Let o = 719 - r. What is the hundreds digit of o?
4
Let r(y) = 4*y + 24. Let v be r(-6). Let j be v - 3 - (-5 - 0). Suppose -j*l - 216 = -3*k, k + 3*l + 2*l - 89 = 0. What is the tens digit of k?
7
What is the ten thousands digit of (-6)/(-4) + -60 + 59 + (-76834)/(-4)?
1
Suppose 44 - 68 = -r. Let p = 16 - r. Let n = p - -156. What is the hundreds digit of n?
1
What is the tens digit of (-152)/(-380)*(-76495)/(-2)?
9
Suppose 31*g - 27*g = -980. What is the hundreds digit of (1 + g)/(7/((-42)/4))?
3
Let o be ((-2)/(-5))/(71/23430). Suppose -j - 2*j = 237. Let x = j + o. What is the tens digit of x?
5
What is the units digit of (-281604)/(-155)*10/4?
2
What is the tens digit of -3 + ((-492947)/364)/(1/(-4))?
1
Suppose -80*t - 57860 = -85*t + 4*z, -t + 5*z + 11551 = 0. What is the thousands digit of t?
1
Let k = -1 - -2. Let x(d) = 2*d**3 + 1. Let a be x(k). Suppose 4 + 188 = a*s. What is the tens digit of s?
6
Suppose 2*v = 4*i + 2998, 46*v - 44*v - 2992 = 3*i. What is the tens digit of v?
8
Let v = -11403 - -13131. What is the thousands digit of v?
1
Let q(z) = -z**2 + 28*z + 206. Let l be q(34). Suppose 4*m - 3416 = -2*i - i, -l*m - 4*i + 1718 = 0. What is the hundreds digit of m?
8
Suppose 3*n + 3*q - 150285 = 0, 53770 = 3*n + 2*q - 96518. What is the thousands digit of n?
0
Let n = -8182 - -17597. What is the units digit of n?
5
What is the units digit of (-4 + 1)/(98560/(-7581) + 13)?
9
Suppose 5*n = 4*h + 5107 - 1337, 2*n = 3*h + 1508. Let o = -109 + n. What is the units digit of o?
5
Let g = 46944 + -11652. What is the ten thousands digit of g?
3
Suppose 5*g = -5*l - 65, -4*g - 17 = -0*l - 3*l. Let o be (-2 + 0)*(60/g - -5). What is the hundreds digit of (-1 + 152)*(2 - -3)/o?
1
Let i(h) = 128*h**2 + 1234*h - 8635. What is the tens digit of i(7)?
7
Let l(x) = x + 2. Let c be l(-2). Let b(a) = -a**3 + a. Let p be b(c). Suppose p = -7*g - 4 + 46. What is the units digit of g?
6
Let c(x) = 13*x**2 - 2*x - 9. What is the tens digit of c(-19)?
2
Let p = 115 + 129. What is the hundreds digit of (-3 + -1 + -4)*p/(-8)?
2
Let t = 183 - 186. Let v(b) = 36*b**2 - b + 9. What is the tens digit of v(t)?
3
Let o = 306 + -306. Suppose -5*z = 5*u - 220, u - 161 = -0*z - 4*z. Suppose f + o*f - z = 0. What is the tens digit of f?
3
Suppose -12 = -3*m - 0*m, 1196 = -4*s - m. What is the hundreds digit of ((-1068)/10)/(36/s)?
8
Let w(l) = 4*l**2 + 8*l + 3. Let z be w(-5). Let n = z - -2. What is the tens digit of n?
6
Suppose 9*a - 84 = -39. Suppose 3*u = 5*n - 7190, -2*u = n - a*u - 1426. What is the thousands digit of n?
1
Suppose 19 - 7 = -3*o + 4*w, 15 = -4*o + 5*w. Suppose -q + 5 = -o*q. Suppose -q*v = -v - 240. What is the units digit of v?
0
Let r(z) be the third derivative of z**5/60 - z**4/6 + 13*z**3/3 - 78*z**2. Suppose -7*g + d + 13 = -5*g, -2*g + 2*d = -12. What is the units digit of r(g)?
7
Suppose -3 = -t, p - 10 = -4*t + 1. What is the hundreds digit of p - (276/(-10))/(45/1200)?
7
Suppose 5*q = 2*c + 1978, 2*q - 848 = -4*c - 52. Suppose -389*w = -q*w + 161. What is the units digit of w?
3
Suppose 0 = 4*c + 2*l - 154428, 18*c - 19*c + 38616 = -l. What is the tens digit of c?
1
Let w(z) = z**2 + 26*z + 79. Let i be w(-29). Suppose -8 = -4*k, -o + i = -k - 152. What is the units digit of o?
0
Suppose -343717 = -31*v + 327805. What is the thousands digit of v?
1
What is the thousands digit of (-153 + -9)/(5595/(-1863) + 3)?
0
Suppose 0 = -3*j - j + 12. What is the hundreds digit of 1/(3/j)*503?
5
Let d(x) = 6*x**3 - 4*x**2 + 22*x + 24. What is the thousands digit of d(7)?
2
Let z(i) = -i**3 - 7*i**2 - 2*i + 17. Let b be z(-6). Let k(v) = 5*v**2 + 4*v + 59. What is the hundreds digit of k(b)?
2
Let l = 10210 + -7244. What is the units digit of l?
6
Suppose 2*s - f - 118582 = 0, -s - 17*f + 59282 = -22*f. What is the ten thousands digit of s?
5
Suppose 14*c = -28*c + 14*c + 791168. What is the ten thousands digit of c?
2
Let p be 111*(20/24 + (-2)/4). Suppose 5*b + 2*t + 13 = p, 0 = -5*t + 10. Suppose 0 = -m - b, -5*f + 137 + 188 = -5*m. What is the units digit of f?
1
Let t be (-1302)/(-9) + 8/(-12). Suppose 12*b = 4*b + t. Let z = 41 - b. What is the 